{"id":2624,"date":"2018-10-25T17:53:36","date_gmt":"2018-10-25T19:53:36","guid":{"rendered":"http:\/\/ecen.com.br\/?page_id=2624"},"modified":"2021-03-19T14:37:45","modified_gmt":"2021-03-19T17:37:45","slug":"ee-100","status":"publish","type":"page","link":"http:\/\/ecen.com.br\/?page_id=2624","title":{"rendered":"E&#038;E 100"},"content":{"rendered":"\t\t<div data-elementor-type=\"wp-post\" data-elementor-id=\"2624\" class=\"elementor elementor-2624\">\n\t\t\t\t\t\t<div class=\"elementor-inner\">\n\t\t\t\t<div class=\"elementor-section-wrap\">\n\t\t\t\t\t\t\t\t\t<section class=\"elementor-section elementor-top-section elementor-element elementor-element-9a443e7 elementor-section-boxed elementor-section-height-default elementor-section-height-default\" data-id=\"9a443e7\" data-element_type=\"section\">\n\t\t\t\t\t\t<div class=\"elementor-container elementor-column-gap-default\">\n\t\t\t\t\t\t\t<div class=\"elementor-row\">\n\t\t\t\t\t<div class=\"elementor-column elementor-col-100 elementor-top-column elementor-element elementor-element-d50b6dd\" data-id=\"d50b6dd\" data-element_type=\"column\">\n\t\t\t<div class=\"elementor-column-wrap elementor-element-populated\">\n\t\t\t\t\t\t\t<div class=\"elementor-widget-wrap\">\n\t\t\t\t\t\t<div class=\"elementor-element elementor-element-ecb57b5 elementor-widget elementor-widget-text-editor\" data-id=\"ecb57b5\" data-element_type=\"widget\" data-widget_type=\"text-editor.default\">\n\t\t\t\t<div class=\"elementor-widget-container\">\n\t\t\t\t\t\t\t\t<div class=\"elementor-text-editor elementor-clearfix\">\n\t\t\t\t<p><b><strong><img src=\"http:\/\/eee.org.br\/wp-content\/uploads\/2017\/02\/eee.jpg\" \/><br \/>Economia e Energia \u2013 E&amp;E\u00a0 \u00a0<\/strong><\/b><b><strong>N\u00ba 100,\u00a0 julho a setembro de 2018<br \/><\/strong><\/b>ISSN 1518-2932<\/p><p style=\"font-weight: 400;\"><span style=\"color: #0000ff;\"><b><strong>Palavra do Editor:<\/strong><\/b><\/span><\/p><h1><a name=\"_Toc528074953\"><\/a><strong>\u00c9 CEM<\/strong><\/h1><p>Este \u00e9 o cent\u00e9simo exemplar da revista Economia e Energia &#8211; E&amp;E. Em dezembro de 1996, lan\u00e7amos na internet nosso <a href=\"http:\/\/ecen.com\/eee0\/eeezero.pdf\">n\u00famero zero<\/a><a href=\"#_ftn1\" name=\"_ftnref1\">[1]<\/a> da fase internet que foi transcrita na forma impressa posteriormente adotada. Nossa proposta foi \u201ctrazer para o debate dos temas vinculados a seu t\u00edtulo (Economia e Energia) uma vis\u00e3o de m\u00e9dio prazo, ancorada no comportamento hist\u00f3rico de vari\u00e1veis, mas atenta \u00e0s novas tend\u00eancias globais. Ousaremos apresentar, a cada n\u00famero, proje\u00e7\u00f5es sobre o comportamento futuro de algumas vari\u00e1veis\u201d. Isto \u00e9, basicamente, o que continuamos a fazer.<\/p><p>Nosso <a href=\"http:\/\/ecen.com\/content\/eee1\/frprinci.htm\">primeiro n\u00famero<\/a> apresentava os seguintes temas e autores: Apresenta\u00e7\u00e3o: e&amp;e o que \u00e9 e a que veio, A Produtividade do Capital: <em>Carlos Feu Alvim<\/em>; \u00a0Brasil e a Mudan\u00e7a do Clima: <em>Jos\u00e9 D. G. Miguez<\/em>; Exaust\u00e3o do Petr\u00f3leo: <em>Omar Campos Ferreira; <\/em>Equil\u00edbrio Inst\u00e1vel: <em>Genserico Encarna\u00e7\u00e3o Jr;<\/em> O Capital Nacional: <em>Carlos Feu Alvim<\/em>.<\/p><p><a href=\"http:\/\/ecen.com\/eee88\/eee88p\/omar.htm\">Omar Campos Ferreira<\/a> (1931-2013) e Frida Eidelman (1941-2016), j\u00e1 nos deixaram e deram uma preciosa contribui\u00e7\u00e3o \u00e0 Revista que, no que se refere a artigos, est\u00e1 preservada em sua \u00edntegra na internet.<\/p><p><img loading=\"lazy\" class=\" wp-image-2595 alignleft\" src=\"http:\/\/ecen.com.br\/wp-content\/uploads\/2018\/10\/FRIDA.png\" alt=\"\" width=\"304\" height=\"426\" data-wp-pid=\"2595\" srcset=\"http:\/\/ecen.com.br\/wp-content\/uploads\/2018\/10\/FRIDA.png 385w, http:\/\/ecen.com.br\/wp-content\/uploads\/2018\/10\/FRIDA-214x300.png 214w\" sizes=\"(max-width: 304px) 100vw, 304px\" \/>\u00a0Nossa colega e amiga Frida Eidelman que integrou a equipe desde o in\u00edcio, possibilitou a publica\u00e7\u00e3o em ingl\u00eas de todos os artigos durante muitos anos. Na ocasi\u00e3o de seu falecimento, est\u00e1vamos no \u00fanico per\u00edodo em que foi interrompida a edi\u00e7\u00e3o da Revista. Reflexo, em parte, da falta que ela j\u00e1 estava fazendo. Com isso ficamos devendo a ela uma homenagem a exemplo da que pudemos fazer com o Omar.<\/p><p>Frida Eidelman aliava um profundo conhecimento de humanidades, que inclu\u00eda um apurado conhecimento de l\u00ednguas, a uma forma\u00e7\u00e3o s\u00f3lida em matem\u00e1tica e em ci\u00eancias nucleares. Foi exemplo para n\u00f3s de atitude construtiva e de cordialidade, qualidades que contribu\u00edram muito para cativar toda a equipe.<\/p><p>Nos \u00faltimos anos, foi exemplo de coragem e otimismo frente a terr\u00edveis dificuldades de sa\u00fade. Depois de uma complicada cirurgia, que permitiu a consci\u00eancia da gravidade do seu caso, encontrou \u00e2nimo para ainda viajar ao exterior com um grupo de amigos que ela sempre soube cultivar. \u00a0Amigos que soube manter, em v\u00e1rias partes do mundo.<\/p><p>Levava muito a s\u00e9rio os assuntos religiosos, mas era capaz de conversar e compreender as posi\u00e7\u00f5es de outras religi\u00f5es e dos que n\u00e3o as tinham. Conseguiu com isso, certamente contando com a reciprocidade da toler\u00e2ncia que ela inspirava, sendo israelita, ter afilhado crist\u00e3o.<\/p><p>Neste n\u00famero cem, prestamos a ela essa singela homenagem. Sua natureza radiante, cotidianamente relembrada, segue iluminando sua falta.<\/p><p><a href=\"#_ftnref1\" name=\"_ftn1\">[1]<\/a> N\u00famero Zero: <a href=\"http:\/\/ecen.com\/eee0\/eeezero.pdf\">http:\/\/ecen.com\/eee0\/eeezero.pdf<\/a>\u00a0\u00a0 <br \/>N\u00famero Um: http:\/\/ecen.com\/content\/eee1\/frprinci.htm<\/p><h1><a href=\"http:\/\/ecen.com.br\/wp-content\/uploads\/2018\/10\/eee100net.pdf\"><img loading=\"lazy\" class=\"aligncenter wp-image-2775 size-full\" src=\"http:\/\/ecen.com.br\/wp-content\/uploads\/2018\/11\/capas_eee100emA5_001-e1543003021653.png\" alt=\"\" width=\"420\" height=\"595\" data-wp-pid=\"2775\" \/><\/a><\/h1><h1 style=\"font-weight: 300;\"><img loading=\"lazy\" class=\"aligncenter size-full wp-image-2626\" src=\"http:\/\/eee.org.br\/wp-content\/uploads\/2017\/11\/eee97-CAPA-A5-em-JPG.jpg\" alt=\"\" width=\"420\" height=\"595\" data-wp-pid=\"2626\" \/><\/h1><p style=\"text-align: center;\"><a href=\"http:\/\/ecen.com.br\/wp-content\/uploads\/2018\/10\/eee100net.pdf\">Ver ou Baixar E&amp;E 100<\/a><\/p><p><strong>Conte\u00fado:<\/strong><\/p><p>Efeito Estufa: O Papel do Metano<\/p><p>Parcerias no Setor Nuclear Brasileiro<\/p><p>Para onde vai o d\u00f3lar\u00a0<\/p><p><a href=\"http:\/\/ecen.com.br\/?page_id=2637\">Toda E&amp;E 100<\/a><\/p>\t\t\t\t\t<\/div>\n\t\t\t\t\t\t<\/div>\n\t\t\t\t<\/div>\n\t\t\t\t\t\t<\/div>\n\t\t\t\t\t<\/div>\n\t\t<\/div>\n\t\t\t\t\t\t\t\t<\/div>\n\t\t\t\t\t<\/div>\n\t\t<\/section>\n\t\t\t\t<section class=\"elementor-section elementor-top-section elementor-element elementor-element-56a9cd0 elementor-section-boxed elementor-section-height-default elementor-section-height-default\" data-id=\"56a9cd0\" data-element_type=\"section\">\n\t\t\t\t\t\t<div class=\"elementor-container elementor-column-gap-default\">\n\t\t\t\t\t\t\t<div class=\"elementor-row\">\n\t\t\t\t\t<div class=\"elementor-column elementor-col-100 elementor-top-column elementor-element elementor-element-494228b\" data-id=\"494228b\" data-element_type=\"column\">\n\t\t\t<div class=\"elementor-column-wrap elementor-element-populated\">\n\t\t\t\t\t\t\t<div class=\"elementor-widget-wrap\">\n\t\t\t\t\t\t<div class=\"elementor-element elementor-element-50a9d97 elementor-arrows-position-inside elementor-pagination-position-outside elementor-widget elementor-widget-image-carousel\" data-id=\"50a9d97\" data-element_type=\"widget\" data-settings=\"{&quot;slides_to_show&quot;:&quot;1&quot;,&quot;autoplay_speed&quot;:3000,&quot;pause_on_hover&quot;:&quot;no&quot;,&quot;navigation&quot;:&quot;both&quot;,&quot;autoplay&quot;:&quot;yes&quot;,&quot;pause_on_interaction&quot;:&quot;yes&quot;,&quot;infinite&quot;:&quot;yes&quot;,&quot;effect&quot;:&quot;slide&quot;,&quot;speed&quot;:500}\" data-widget_type=\"image-carousel.default\">\n\t\t\t\t<div class=\"elementor-widget-container\">\n\t\t\t\t\t<div class=\"elementor-image-carousel-wrapper swiper-container\" dir=\"ltr\">\n\t\t\t<div class=\"elementor-image-carousel swiper-wrapper\">\n\t\t\t\t\t\t\t\t<div class=\"swiper-slide\"><figure class=\"swiper-slide-inner\"><img class=\"swiper-slide-image\" src=\"http:\/\/ecen.com.br\/wp-content\/uploads\/2018\/11\/ecem-bmp-A5-1-722x1024.bmp\" alt=\"ecem bmp A5\" \/><\/figure><\/div><div class=\"swiper-slide\"><figure class=\"swiper-slide-inner\"><img class=\"swiper-slide-image\" src=\"http:\/\/ecen.com.br\/wp-content\/uploads\/2018\/11\/ultra-bmp-A5-722x1024.bmp\" alt=\"ultra bmp A5\" \/><\/figure><\/div><div class=\"swiper-slide\"><figure class=\"swiper-slide-inner\"><img class=\"swiper-slide-image\" src=\"http:\/\/ecen.com.br\/wp-content\/uploads\/2018\/11\/natura-bmp-A5-722x1024.bmp\" alt=\"natura bmp A5\" \/><\/figure><\/div><div class=\"swiper-slide\"><figure class=\"swiper-slide-inner\"><img class=\"swiper-slide-image\" src=\"http:\/\/ecen.com.br\/wp-content\/uploads\/2018\/11\/capas_eee100emA5_001-e1543003021653.png\" alt=\"capas_eee100emA5_001\" \/><\/figure><\/div>\t\t\t<\/div>\n\t\t\t\t\t\t\t\t\t\t\t\t<div class=\"swiper-pagination\"><\/div>\n\t\t\t\t\t\t\t\t\t\t\t\t\t<div class=\"elementor-swiper-button elementor-swiper-button-prev\">\n\t\t\t\t\t\t<i aria-hidden=\"true\" class=\"eicon-chevron-left\"><\/i>\t\t\t\t\t\t<span class=\"elementor-screen-only\">Anterior<\/span>\n\t\t\t\t\t<\/div>\n\t\t\t\t\t<div class=\"elementor-swiper-button elementor-swiper-button-next\">\n\t\t\t\t\t\t<i aria-hidden=\"true\" class=\"eicon-chevron-right\"><\/i>\t\t\t\t\t\t<span class=\"elementor-screen-only\">Pr\u00f3ximo<\/span>\n\t\t\t\t\t<\/div>\n\t\t\t\t\t\t\t\t\t<\/div>\n\t\t\t\t<\/div>\n\t\t\t\t<\/div>\n\t\t\t\t\t\t<\/div>\n\t\t\t\t\t<\/div>\n\t\t<\/div>\n\t\t\t\t\t\t\t\t<\/div>\n\t\t\t\t\t<\/div>\n\t\t<\/section>\n\t\t\t\t\t\t\t\t\t<\/div>\n\t\t\t<\/div>\n\t\t\t\t\t<\/div>\n\t\t","protected":false},"excerpt":{"rendered":"<p>Economia e Energia \u2013 E&amp;E&nbsp; &nbsp;N\u00ba 100,&nbsp; julho a setembro de 2018 ISSN 1518-2932 Palavra do Editor: \u00c9 CEM Este \u00e9 o cent\u00e9simo exemplar da revista Economia e Energia &#8211; E&amp;E. Em dezembro de 1996, lan\u00e7amos na internet nosso n\u00famero zero[1] da fase internet que foi transcrita na forma impressa posteriormente adotada. Nossa proposta foi &hellip; <\/p>\n<p class=\"link-more\"><a href=\"http:\/\/ecen.com.br\/?page_id=2624\" class=\"more-link\">Continue lendo<span class=\"screen-reader-text\"> &#8220;E&#038;E 100&#8221;<\/span><\/a><\/p>\n","protected":false},"author":1,"featured_media":0,"parent":0,"menu_order":0,"comment_status":"open","ping_status":"closed","template":"","meta":[],"_links":{"self":[{"href":"http:\/\/ecen.com.br\/index.php?rest_route=\/wp\/v2\/pages\/2624"}],"collection":[{"href":"http:\/\/ecen.com.br\/index.php?rest_route=\/wp\/v2\/pages"}],"about":[{"href":"http:\/\/ecen.com.br\/index.php?rest_route=\/wp\/v2\/types\/page"}],"author":[{"embeddable":true,"href":"http:\/\/ecen.com.br\/index.php?rest_route=\/wp\/v2\/users\/1"}],"replies":[{"embeddable":true,"href":"http:\/\/ecen.com.br\/index.php?rest_route=%2Fwp%2Fv2%2Fcomments&post=2624"}],"version-history":[{"count":34,"href":"http:\/\/ecen.com.br\/index.php?rest_route=\/wp\/v2\/pages\/2624\/revisions"}],"predecessor-version":[{"id":4574,"href":"http:\/\/ecen.com.br\/index.php?rest_route=\/wp\/v2\/pages\/2624\/revisions\/4574"}],"wp:attachment":[{"href":"http:\/\/ecen.com.br\/index.php?rest_route=%2Fwp%2Fv2%2Fmedia&parent=2624"}],"curies":[{"name":"wp","href":"https:\/\/api.w.org\/{rel}","templated":true}]}}