{"id":2356,"date":"2018-08-01T13:17:33","date_gmt":"2018-08-01T16:17:33","guid":{"rendered":"http:\/\/ecen.com.br\/?page_id=2356"},"modified":"2019-09-18T16:50:43","modified_gmt":"2019-09-18T19:50:43","slug":"agentes-envolvidos-na-construcao-de-uma-usina-nuclear","status":"publish","type":"page","link":"http:\/\/ecen.com.br\/?page_id=2356","title":{"rendered":"Agentes Envolvidos na Constru\u00e7\u00e3o de uma Usina Nuclear"},"content":{"rendered":"\t\t<div data-elementor-type=\"wp-post\" data-elementor-id=\"2356\" class=\"elementor elementor-2356\">\n\t\t\t\t\t\t<div class=\"elementor-inner\">\n\t\t\t\t<div class=\"elementor-section-wrap\">\n\t\t\t\t\t\t\t\t\t<section class=\"elementor-section elementor-top-section elementor-element elementor-element-0eb12a2 elementor-section-boxed elementor-section-height-default elementor-section-height-default\" data-id=\"0eb12a2\" data-element_type=\"section\">\n\t\t\t\t\t\t<div class=\"elementor-container elementor-column-gap-default\">\n\t\t\t\t\t\t\t<div class=\"elementor-row\">\n\t\t\t\t\t<div class=\"elementor-column elementor-col-100 elementor-top-column elementor-element elementor-element-0629603\" data-id=\"0629603\" data-element_type=\"column\">\n\t\t\t<div class=\"elementor-column-wrap elementor-element-populated\">\n\t\t\t\t\t\t\t<div class=\"elementor-widget-wrap\">\n\t\t\t\t\t\t<div class=\"elementor-element elementor-element-7fe1475 elementor-widget elementor-widget-text-editor\" data-id=\"7fe1475\" data-element_type=\"widget\" data-widget_type=\"text-editor.default\">\n\t\t\t\t<div class=\"elementor-widget-container\">\n\t\t\t\t\t\t\t\t<div class=\"elementor-text-editor elementor-clearfix\">\n\t\t\t\t<p><img src=\"http:\/\/eee.org.br\/wp-content\/uploads\/2017\/02\/eee.jpg\" \/><br \/><strong>Economia e Energia &#8211; E&amp;E\u00a0 \u00a0 N\u00ba 99,\u00a0 abril a junho 2018<br \/><\/strong>ISSN 1518-2932<\/p><h1><strong>AGENTES ENVOLVIDOS NA CONSTRU\u00c7\u00c3O DE UMA USINA NUCLEAR<\/strong><\/h1><p style=\"text-align: right;\"><em>Leonam dos Santos Guimar\u00e3es<\/em><\/p><p><em>\u00a0<\/em><\/p><p><span style=\"color: #000000;\"><a style=\"color: #000000;\" name=\"_Toc508717992\"><\/a><a style=\"color: #000000;\" name=\"_Toc508099357\"><\/a><span style=\"color: #0000ff;\"><strong>Resumo:<\/strong><\/span><\/span><\/p><p>A retomada de Angra 3 e a expans\u00e3o futura do parque nuclear brasileiro possivelmente ser\u00e3o concretizadas com parceria externa. Para descrever os potenciais modelos de neg\u00f3cio para usinas nucleares, \u00e9 \u00fatil aclarar a terminologia usada, pela\u00a0 ind\u00fastria nucleoel\u00e9trica.\u00a0 Apresentam-se, resumidamente, os termos utilizados para descrever\u00a0 \u00a0os v\u00e1rios agentes importantes no processo de implanta\u00e7\u00e3o de uma nova usina nuclear, que s\u00e3o: Propriet\u00e1rio, Arquiteto \u2013 Projetista (Architect \u2013 Engineer A&amp;E), Construtor, Fornecedor do Sistema Nuclear de Gera\u00e7\u00e3o de Vapor, Fornecedor do Turbo-Gerador el\u00e9trico, Operador, Regulador e Financiador.<\/p><p><strong>Palavras Chave:<\/strong><\/p><p style=\"text-align: center;\">Angra 3, ind\u00fastria nuclear, gera\u00e7\u00e3o de eletricidade, Eletronuclear, energia nuclear, Central de Angra<\/p><h2><a name=\"_Toc518750987\"><\/a><a name=\"_Toc508718000\"><\/a>1. Introdu\u00e7\u00e3o<\/h2><p>As discuss\u00f5es sobre a retomada de Angra 3 e expans\u00e3o futura do parque nuclear brasileiro muitas vezes n\u00e3o s\u00e3o muito claras quando se trata da terminologia usada para descrever os potenciais modelos de neg\u00f3cio para usinas nucleares. Tentando preencher esta lacuna, apresentaremos aqui resumidamente os termos utilizados pela ind\u00fastria n\u00facleoel\u00e9trica para descrever os v\u00e1rios agentes importantes no processo de implanta\u00e7\u00e3o de uma nova usina nuclear, que s\u00e3o:<\/p><ul><li>Propriet\u00e1rio<\/li><li>Arquiteto \u2013 Projetista (<em>Architect \u2013 Engineer A&amp;E<\/em>)<\/li><li>Construtor<\/li><li>Fornecedor do Sistema Nuclear de Gera\u00e7\u00e3o de Vapor<\/li><li>Fornecedor do Turbo &#8211; Gerador el\u00e9trico<\/li><li>Operador<\/li><li>Regulador<\/li><li>Financiador<\/li><\/ul><p><img loading=\"lazy\" class=\"aligncenter size-full wp-image-2146\" src=\"http:\/\/ecen.com.br\/wp-content\/uploads\/2018\/07\/figura1_central.png\" alt=\"\" width=\"430\" height=\"318\" data-wp-pid=\"2146\" srcset=\"http:\/\/ecen.com.br\/wp-content\/uploads\/2018\/07\/figura1_central.png 430w, http:\/\/ecen.com.br\/wp-content\/uploads\/2018\/07\/figura1_central-300x222.png 300w\" sizes=\"(max-width: 430px) 100vw, 430px\" \/><\/p><p style=\"text-align: center;\">Figura 1: Central Nuclear de Krsko, Eslov\u00eania \u2013 1 \u00fanica unidade<\/p><p>Esta seria uma usina nuclear (<em>Nuclear Power Plant \u2013 NPP <\/em>ou <em>Nuclear Power Station \u2013 NPS<\/em>), com uma \u00fanica unidade (no caso Krsko, na Eslov\u00eania, \u201cg\u00eamea\u201d de Angra 1). Em algumas partes do mundo, o termo &#8220;bloco de energia&#8221; (<em>Power Block<\/em>) ou simplesmente &#8220;bloco&#8221; (<em>block<\/em>) \u00e9 sin\u00f4nimo da palavra \u201cunidade\u201d, ou seja, uma combina\u00e7\u00e3o de \u201cSistema Nuclear de Gera\u00e7\u00e3o de Vapor\u201d (<em>Nuclear Steam Supply System \u2013 NSSS <\/em>ou<em> N3S<\/em>), do qual um reator nuclear \u00e9 a fonte de calor, e seu Sistema de Gera\u00e7\u00e3o Termel\u00e9trica, centrado no turbo-gerador (<em>Balance of Plant \u2013 BoP<\/em>). Uma central nuclear \u00e9 um conjunto de usinas nucleares. No mundo hoje temos centrais de uma a oito unidades (Figuras 1 e 2).<\/p><p style=\"text-align: center;\"><img class=\"aligncenter\" src=\"http:\/\/ecen.com.br\/wp-content\/uploads\/2018\/07\/central_nuclear.jpg\" \/><\/p><p>Figura 2: Central Nuclear de Kashiwazaki Kariwa, Jap\u00e3o \u2013 8 unidades.<strong>\u00a0<\/strong><\/p><h2><a name=\"_Toc518750988\"><\/a>2. O Tri\u00e2ngulo da Constru\u00e7\u00e3o<\/h2><p>Podemos chamar de \u201ctri\u00e2ngulo da constru\u00e7\u00e3o\u201d \u00e0 tr\u00edade de organiza\u00e7\u00f5es composta pelo propriet\u00e1rio (<em>Owner<\/em>) da usina nuclear, por seu Arquiteto \u2013 Projetista (<em>Architect \u2013 Engineer \u2013 A&amp;E<\/em>) e pelo seu Construtor (<em>Constructor<\/em>).<\/p><p><strong><em>Propriet\u00e1rio (Owner)<\/em><\/strong>: Esta parte do tri\u00e2ngulo da constru\u00e7\u00e3o \u00e9 \u00f3bvia, sendo a empresa de servi\u00e7os p\u00fablicos (<em>utility<\/em>) que est\u00e1 comprando a usina nuclear. Esta empresa tem que fornecer o terreno para localiza\u00e7\u00e3o da usina, pagar para t\u00ea-la constru\u00edda, oper\u00e1-la e conect\u00e1-la \u00e0 rede el\u00e9trica nacional. Os propriet\u00e1rios de centrais nucleares podem ser empresas individuais ou grupos de empresas que atuem em conjunto, seja como s\u00f3cios, seja como empresas separadas e aut\u00f4nomas com propriedade conjunta (em qualquer um dos acordos, distribuem-se os custos). Os propriet\u00e1rios geralmente tomam a decis\u00e3o de que precisam de mais capacidade de gera\u00e7\u00e3o, em primeiro lugar, e ent\u00e3o realizam estudos para determinar qual a melhor alternativa para obter essa energia nova. Se os estudos mostram que uma usina nuclear \u00e9 a melhor op\u00e7\u00e3o, ent\u00e3o um processo \u00e9 iniciado envolvendo outros agentes.<\/p><p>No caso de Angra 1 e in\u00edcio da constru\u00e7\u00e3o de Angra 2, o Propriet\u00e1rio foi FURNAS. No caso da conclus\u00e3o de Angra 2, o Propriet\u00e1rio foi a ELETRONUCLEAR, nascida da fus\u00e3o da parte nuclear de FURNAS com a NUCLEN, empresa criada dentro da controladora NUCLEBR\u00c1S para exercer o segundo lado do tri\u00e2ngulo, o do Arquiteto \u2013 Projetista.<\/p><p><strong><em>Arquiteto \u2013 Projetista <\/em><\/strong><strong>(<em>Architect \u2013 Engineer A&amp;E<\/em>)<\/strong>: Esta \u00e9 a empresa respons\u00e1vel pelo projeto da usina na sua totalidade. Na maioria dos casos, uma vez que um propriet\u00e1rio tomou a decis\u00e3o de construir uma usina nuclear, ele contrata um <em>A&amp;E<\/em> para conduzir o projeto. O <em>A&amp;E<\/em> pode ou n\u00e3o ajudar o Propriet\u00e1rio na sele\u00e7\u00e3o de uma determinada tecnologia nuclear. Uma vez que o Sistema Nuclear de Gera\u00e7\u00e3o de Vapor (<em>Nuclear Steam Supply<\/em> System \u2013 <em>NSSS ou N3S<\/em>) e outros detalhes foram especificados, o <em>A&amp;E<\/em> projeta a usina como um todo. Isto incluir\u00e1, inevitavelmente, milhares de p\u00e1ginas de documenta\u00e7\u00e3o t\u00e9cnica. Essa documenta\u00e7\u00e3o corresponder\u00e1 \u00e0s especifica\u00e7\u00f5es fornecidas tanto pelo fornecedor do <em>N3S<\/em> quanto pelo Propriet\u00e1rio para o projeto da usina em particular. O <em>A&amp;E<\/em> precisa analisar, por exemplo, se um projeto em particular incluiria uma torre de resfriamento, ou seria o caso de usar diretamente um rio ou mesmo o mar. O trabalho do <em>A&amp;E<\/em> est\u00e1 tamb\u00e9m associado ao gerenciamento da constru\u00e7\u00e3o, terceiro lado do tri\u00e2ngulo.<\/p><p>No caso de Angra 1, o <em>A&amp;E<\/em> foi a empresa americana Gibbs &amp; Hill. No caso de Angra 2, o <em>A&amp;E<\/em> foi a NUCLEN. O gerenciamento da constru\u00e7\u00e3o ficou ao cargo da NUCON, outra empresa controlada pela NUCLEBR\u00c1S, extinta em 1988. Ambas foram sucedidas pela ELETRONUCLEAR. No caso de Angra 3, o <em>A&amp;E<\/em> atualmente \u00e9 a ELETRONUCLEAR.<\/p><p><strong><em>Construtor<\/em><\/strong>: Esta \u00e9 a empresa que constr\u00f3i ou supervisiona a constru\u00e7\u00e3o da usina nuclear. Normalmente, o construtor contrata dezenas de subcontratados para executar os trabalhos de lan\u00e7amento de concreto, montagem de tubula\u00e7\u00f5es, instala\u00e7\u00e3o do cabeamento el\u00e9trico, e de instrumenta\u00e7\u00e3o e controle, etc. O Construtor constr\u00f3i de acordo com a documenta\u00e7\u00e3o t\u00e9cnica fornecida pelo <em>A&amp;E<\/em> e age com base na paulatina disponibilidade dos componentes necess\u00e1rios para a instala\u00e7\u00e3o. Grandes problemas podem ser causados por um construtor que trabalha antes de receber a documenta\u00e7\u00e3o final de projeto, apenas para verificar, depois que os desenhos finais chegam, que parte do trabalho foi feito de forma n\u00e3o conforme. Isso leva a ter que desfazer e refazer o trabalho. Em outras vezes, o pr\u00f3prio trabalho em si pode ter sido feito de forma err\u00f4nea e isso ser identificado pelo controle de qualidade, o que leva tamb\u00e9m a desfazer e refazer o trabalho. Naturalmente, a entrega tardia de desenhos e especifica\u00e7\u00f5es do <em>A&amp;E<\/em> tamb\u00e9m levar\u00e1 a um atraso significativo.<\/p><p>No caso de Angra 2, e tamb\u00e9m de Angra 3, a ELETRONUCLEAR tamb\u00e9m desempenha o papel de Construtor, pois as obras civis e a montagem eletromec\u00e2nica s\u00e3o contratadas em separado.<\/p><h2><a name=\"_Toc518750989\"><\/a>3. Outros agentes importantes<\/h2><p><strong><em>Fornecedor do N3S<\/em><\/strong>: Esse em geral \u00e9 o mais conhecido: <em>Westinghouse \u2013 Toshiba, Framatome (ex-AREVA), GE \u2013 Hitachi, Rosatom, Mitsubishi, ATMEA, CNN<\/em>C, etc. \u00c9 a empresa que realmente projeta e fabrica o pr\u00f3prio reator nuclear e os demais componentes do Sistema Nuclear de Gera\u00e7\u00e3o de Vapor \u2013 <em>N3S <\/em>a ele ligados. O <em>N3S<\/em> \u00e9 montado dentro do edif\u00edcio de conten\u00e7\u00e3o e tem muitas interfaces com o restante da usina. As duas interfaces mais importantes s\u00e3o o vapor que ele envia atrav\u00e9s de tubula\u00e7\u00f5es, que \u00e9 utilizado para acionamento do turbo &#8211; gerador, e a \u00e1gua condensada que volta para o <em>N3S <\/em>para ser novamente transformada em vapor. Por mais importante que seja o N3S, seu fornecedor n\u00e3o \u00e9 a entidade que define o projeto geral da usina, pois isso \u00e9 da responsabilidade do <em>A&amp;E<\/em> e do propriet\u00e1rio. Ao longo do tempo, tem havido uma tend\u00eancia crescente para padronizar e multiplicar usinas de um local para o outro. Esta \u00e9 a norma hoje em dia, de modo que \u00e9 apropriado falar sobre um projeto particular em termos do pr\u00f3prio projeto do reator. No entanto, nos &#8220;velhos tempos&#8221;, o discurso geral n\u00e3o era de que uma usina fosse uma &#8220;Usina Westinghouse&#8221;, mas sim uma &#8220;Usina Bechtel&#8221; ou uma &#8220;Usina Stone &amp; Webster&#8221;, para citar exemplos americanos, porque estas empresas de <em>A&amp;E<\/em> definiam o projeto geral da usina com um N3S e muitos outros componentes a ele integrados.<\/p><p>Em Angra 1 o fornecedor do N3S foi a Westinghouse. Em Angra 2 foi a Siemens \u2013 KWU. Em Angra 3 \u00e9 a FRAMATOME (ex-AREVA), que adquiriu a <em>Siemens \u2013 KWU<\/em>.<\/p><p><strong><em>Fornecedor do TurboGerador<\/em><\/strong>: Poucos fornecedores no mundo s\u00e3o capazes de fabricar os turbo &#8211; geradores de grande porte associados \u00e0s usinas nucleares, com pot\u00eancia superior a 1.000 MW. \u00c9 uma lista curta, que inclui <em>Alston, Mitsubishi, Siemens, GE,<\/em> al\u00e9m de empresas russas e chinesas. Como cada equipamento deste tipo \u00e9 feito sob encomenda \u00e9 poss\u00edvel combinar-se diferentes fornecedores de turbo &#8211; geradores com diferentes fornecedores de N3S.<\/p><p>O fornecedor do turbo &#8211; gerador de Angra 1 foi a Westinghouse e o de Angra 2 foi a Siemens. O turbo &#8211; gerador de Angra 3 tamb\u00e9m \u00e9 Siemens.<\/p><p><strong><em>Operador<\/em><\/strong>: Em geral, o Propriet\u00e1rio se confunde com o Operador. Entretanto, existem modelos modernos em que esses dois atores podem ser distintos. Por exemplo, na Espanha, as grandes empresas de gera\u00e7\u00e3o el\u00e9trica, IBERDROLA e ENDESA, criaram empresas exclusivamente para opera\u00e7\u00e3o de suas usinas nucleares com as quais mant\u00eam contratos de gest\u00e3o associados a transfer\u00eancias or\u00e7ament\u00e1rias (caso da ANAV, que opera tr\u00eas usinas: Asc\u00f3 1 e 2 e Vandell\u00f3s 2). Neste caso, o Operador tem a obriga\u00e7\u00e3o de entregar toda eletricidade gerada ao Propriet\u00e1rio, que se incumbe de sua comercializa\u00e7\u00e3o. O Operador \u00e9 uma empresa que n\u00e3o gera lucro e funciona com base num or\u00e7amento transferido pelo Propriet\u00e1rio. Note-se ainda que o Operador \u00e9 o requerente das licen\u00e7as nuclear e ambiental da usina, sendo respons\u00e1vel pela seguran\u00e7a operacional da mesma.<\/p><p><strong><em>Regulador<\/em><\/strong>: O regulador \u00e9 o \u00f3rg\u00e3o oficial de uma na\u00e7\u00e3o encarregado de garantir a seguran\u00e7a das usinas nucleares. Muitas palavras foram escritas sobre os reguladores, mas para o prop\u00f3sito desta discuss\u00e3o apenas diremos que as inspe\u00e7\u00f5es do regulador no projeto e constru\u00e7\u00e3o de uma usina nuclear s\u00e3o frequentes e que ele tem autoridade para interromper os trabalhos e impor mudan\u00e7as no projeto e constru\u00e7\u00e3o. Altera\u00e7\u00f5es na regulamenta\u00e7\u00e3o t\u00e9cnica enquanto uma usina est\u00e1 em constru\u00e7\u00e3o podem contribuir com um atraso significativo, se o regulador exigir mudan\u00e7as em trabalhos j\u00e1 conclu\u00eddos.<\/p><p><strong><em>Financiador<\/em><\/strong>: Obviamente, para que os agentes envolvidos na constru\u00e7\u00e3o da usina executem as tarefas sob sua responsabilidade torna-se necess\u00e1rio um financiamento. Normalmente, o tomador desse financiamento \u00e9 o Propriet\u00e1rio, que tamb\u00e9m aporta uma parcela de recursos como <em>equity<\/em>. O pagamento do servi\u00e7o da d\u00edvida e da amortiza\u00e7\u00e3o do principal financiado como <em>debt<\/em> \u00e9 feito com parte da receita auferida com a venda de energia, cujo pre\u00e7o dever\u00e1 ser compat\u00edvel com essa obriga\u00e7\u00e3o, a qual se adiciona aos custos operacionais propriamente ditos. No arranjo convencional, o Propriet\u00e1rio \u00e9 uma \u00fanica empresa el\u00e9trica (<em>utility<\/em>), que obtem o financiamento junto a institui\u00e7\u00f5es de cr\u00e9dito. Como a constru\u00e7\u00e3o de uma usina nuclear \u00e9 um empreendimento intensivo em capital e de longo prazo de matura\u00e7\u00e3o, novos arranjos de financiamento t\u00eam sido propostos e alguns deles efetivamente praticados.<\/p><p>A Tabela 1 resume a atua\u00e7\u00e3o dos diversos agentes para as usinas de Angra 1, Angra 2 (duas fases) e a Angra 3 na primeira fase.<\/p><p><strong>Tabela 1: Agentes envolvidos na constru\u00e7\u00e3o das usinas nucleares brasileiras:<\/strong><\/p><table width=\"432\"><tbody><tr><td width=\"83\"><strong>\u00a0<\/strong><\/td><td width=\"76\"><strong>ANGRA 1<\/strong><\/td><td width=\"76\"><p><strong>ANGRA 2<\/strong><\/p><p><strong>(IN\u00cdCIO)<\/strong><\/p><\/td><td width=\"76\"><p><strong>ANGRA 2<\/strong><\/p><p><strong>(CONCLU-S\u00c3O)<\/strong><\/p><\/td><td width=\"76\"><p><strong>ANGRA 3<\/strong><\/p><p><strong>(IN\u00cdCIO)<\/strong><\/p><\/td><\/tr><tr><td width=\"83\"><strong>Propriet\u00e1rio<\/strong><\/td><td width=\"76\">FURNAS<\/td><td width=\"76\">FURNAS<\/td><td width=\"76\">ETN*<\/td><td width=\"76\">ETN<\/td><\/tr><tr><td width=\"83\"><strong>A&amp;E<\/strong><\/td><td width=\"76\">GIBBS &amp; HILL<\/td><td width=\"76\">NUCLEN<\/td><td width=\"76\">ETN<\/td><td width=\"76\">ETN<\/td><\/tr><tr><td width=\"83\"><strong>Construtor<\/strong><\/td><td width=\"76\">FURNAS<\/td><td width=\"76\">NUCON<\/td><td width=\"76\">ETN<\/td><td width=\"76\">ETN<\/td><\/tr><tr><td width=\"83\"><strong>Fornecedor do NSSS<\/strong><\/td><td width=\"76\">WESTING-HOUSE<\/td><td width=\"76\">KWU<\/td><td width=\"76\">KWU<\/td><td width=\"76\">AREVA<\/td><\/tr><tr><td width=\"83\"><strong>Fornecedor do TG<\/strong><\/td><td width=\"76\">WESTING-HOUSE<\/td><td width=\"76\">SIEMENS<\/td><td width=\"76\">SIEMENS<\/td><td width=\"76\">SIEMENS<\/td><\/tr><tr><td width=\"83\"><strong>Operador<\/strong><\/td><td width=\"76\">FURNAS<\/td><td width=\"76\">FURNAS<\/td><td width=\"76\">ETN<\/td><td width=\"76\">ETN<\/td><\/tr><tr><td width=\"83\"><strong>Regulador<\/strong><\/td><td width=\"76\">CNEN<\/td><td width=\"76\">CNEN<\/td><td width=\"76\">CNEN \/ IBAMA<\/td><td width=\"76\">CNEN \/ IBAMA<\/td><\/tr><\/tbody><\/table><p>(*) ETN: Eletrobras Eletronuclear<\/p><p>\u00a0|<a href=\"http:\/\/ecen.com.br\/?page_id=2211\">Cuidadosos Passos Rumo \u00e0 Casa da Paz<\/a>| |<a href=\"http:\/\/ecen.com.br\/?page_id=2356\">Agentes Envolvidos na Constru\u00e7\u00e3o de uma Usina Nuclear|\u00a0|<\/a><a href=\"http:\/\/ecen.com.br\/?page_id=2361\">A Desnuclreariza\u00e7\u00e3o das Coreias|<\/a><\/p>\t\t\t\t\t<\/div>\n\t\t\t\t\t\t<\/div>\n\t\t\t\t<\/div>\n\t\t\t\t\t\t<\/div>\n\t\t\t\t\t<\/div>\n\t\t<\/div>\n\t\t\t\t\t\t\t\t<\/div>\n\t\t\t\t\t<\/div>\n\t\t<\/section>\n\t\t\t\t<section class=\"elementor-section elementor-top-section elementor-element elementor-element-ec3e9d8 elementor-section-boxed elementor-section-height-default elementor-section-height-default\" data-id=\"ec3e9d8\" data-element_type=\"section\">\n\t\t\t\t\t\t<div class=\"elementor-container elementor-column-gap-default\">\n\t\t\t\t\t\t\t<div class=\"elementor-row\">\n\t\t\t\t\t<div class=\"elementor-column elementor-col-100 elementor-top-column elementor-element elementor-element-bda8db8\" data-id=\"bda8db8\" data-element_type=\"column\">\n\t\t\t<div class=\"elementor-column-wrap elementor-element-populated\">\n\t\t\t\t\t\t\t<div class=\"elementor-widget-wrap\">\n\t\t\t\t\t\t<div class=\"elementor-element elementor-element-2887185 elementor-arrows-position-inside elementor-pagination-position-outside elementor-widget elementor-widget-image-carousel\" data-id=\"2887185\" data-element_type=\"widget\" data-settings=\"{&quot;slides_to_show&quot;:&quot;1&quot;,&quot;navigation&quot;:&quot;both&quot;,&quot;autoplay&quot;:&quot;yes&quot;,&quot;pause_on_hover&quot;:&quot;yes&quot;,&quot;pause_on_interaction&quot;:&quot;yes&quot;,&quot;autoplay_speed&quot;:5000,&quot;infinite&quot;:&quot;yes&quot;,&quot;effect&quot;:&quot;slide&quot;,&quot;speed&quot;:500}\" data-widget_type=\"image-carousel.default\">\n\t\t\t\t<div class=\"elementor-widget-container\">\n\t\t\t\t\t<div class=\"elementor-image-carousel-wrapper swiper-container\" dir=\"ltr\">\n\t\t\t<div class=\"elementor-image-carousel swiper-wrapper\">\n\t\t\t\t\t\t\t\t<div class=\"swiper-slide\"><figure class=\"swiper-slide-inner\"><img class=\"swiper-slide-image\" src=\"http:\/\/ecen.com.br\/wp-content\/uploads\/2018\/07\/capa_EEE99-726x1024.jpg\" alt=\"E&amp;E 99 em Portugues\" \/><\/figure><\/div><div class=\"swiper-slide\"><figure class=\"swiper-slide-inner\"><img class=\"swiper-slide-image\" src=\"http:\/\/ecen.com.br\/wp-content\/uploads\/2018\/08\/Ultra-840x1024.png\" alt=\"Ultra\" \/><\/figure><\/div><div class=\"swiper-slide\"><figure class=\"swiper-slide-inner\"><img class=\"swiper-slide-image\" src=\"http:\/\/ecen.com.br\/wp-content\/uploads\/2018\/08\/ecen-logo2-1024x741.jpg\" alt=\"ecen logo\" \/><\/figure><\/div>\t\t\t<\/div>\n\t\t\t\t\t\t\t\t\t\t\t\t<div class=\"swiper-pagination\"><\/div>\n\t\t\t\t\t\t\t\t\t\t\t\t\t<div class=\"elementor-swiper-button elementor-swiper-button-prev\">\n\t\t\t\t\t\t<i aria-hidden=\"true\" class=\"eicon-chevron-left\"><\/i>\t\t\t\t\t\t<span class=\"elementor-screen-only\">Anterior<\/span>\n\t\t\t\t\t<\/div>\n\t\t\t\t\t<div class=\"elementor-swiper-button elementor-swiper-button-next\">\n\t\t\t\t\t\t<i aria-hidden=\"true\" class=\"eicon-chevron-right\"><\/i>\t\t\t\t\t\t<span class=\"elementor-screen-only\">Pr\u00f3ximo<\/span>\n\t\t\t\t\t<\/div>\n\t\t\t\t\t\t\t\t\t<\/div>\n\t\t\t\t<\/div>\n\t\t\t\t<\/div>\n\t\t\t\t\t\t<\/div>\n\t\t\t\t\t<\/div>\n\t\t<\/div>\n\t\t\t\t\t\t\t\t<\/div>\n\t\t\t\t\t<\/div>\n\t\t<\/section>\n\t\t\t\t\t\t\t\t\t<\/div>\n\t\t\t<\/div>\n\t\t\t\t\t<\/div>\n\t\t","protected":false},"excerpt":{"rendered":"<p>Economia e Energia &#8211; E&amp;E&nbsp; &nbsp; N\u00ba 99,&nbsp; abril a junho 2018 ISSN 1518-2932 AGENTES ENVOLVIDOS NA CONSTRU\u00c7\u00c3O DE UMA USINA NUCLEAR Leonam dos Santos Guimar\u00e3es &nbsp; Resumo: A retomada de Angra 3 e a expans\u00e3o futura do parque nuclear brasileiro possivelmente ser\u00e3o concretizadas com parceria externa. Para descrever os potenciais modelos de neg\u00f3cio para &hellip; <\/p>\n<p class=\"link-more\"><a href=\"http:\/\/ecen.com.br\/?page_id=2356\" class=\"more-link\">Continue lendo<span class=\"screen-reader-text\"> &#8220;Agentes Envolvidos na Constru\u00e7\u00e3o de uma Usina Nuclear&#8221;<\/span><\/a><\/p>\n","protected":false},"author":1,"featured_media":0,"parent":2074,"menu_order":2,"comment_status":"closed","ping_status":"closed","template":"","meta":[],"_links":{"self":[{"href":"http:\/\/ecen.com.br\/index.php?rest_route=\/wp\/v2\/pages\/2356"}],"collection":[{"href":"http:\/\/ecen.com.br\/index.php?rest_route=\/wp\/v2\/pages"}],"about":[{"href":"http:\/\/ecen.com.br\/index.php?rest_route=\/wp\/v2\/types\/page"}],"author":[{"embeddable":true,"href":"http:\/\/ecen.com.br\/index.php?rest_route=\/wp\/v2\/users\/1"}],"replies":[{"embeddable":true,"href":"http:\/\/ecen.com.br\/index.php?rest_route=%2Fwp%2Fv2%2Fcomments&post=2356"}],"version-history":[{"count":9,"href":"http:\/\/ecen.com.br\/index.php?rest_route=\/wp\/v2\/pages\/2356\/revisions"}],"predecessor-version":[{"id":4131,"href":"http:\/\/ecen.com.br\/index.php?rest_route=\/wp\/v2\/pages\/2356\/revisions\/4131"}],"up":[{"embeddable":true,"href":"http:\/\/ecen.com.br\/index.php?rest_route=\/wp\/v2\/pages\/2074"}],"wp:attachment":[{"href":"http:\/\/ecen.com.br\/index.php?rest_route=%2Fwp%2Fv2%2Fmedia&parent=2356"}],"curies":[{"name":"wp","href":"https:\/\/api.w.org\/{rel}","templated":true}]}}